 + 143*a - 31528. What is the tens digit of y?
6
What is the tens digit of 556/(-8)*(2030/(-14) + 7)?
9
Suppose 2*i + 539 = -9*i. Let v = i - -463. What is the units digit of v?
4
Suppose 0 = 10*x - 13*x - 18, 2*q + 3*x = 52206. What is the hundreds digit of q?
1
Let x be (4 - -1)/(-1 - -2). Suppose 0 = -x*u + k + 12, 4*u + u - 2*k = 9. What is the tens digit of 69 + ((-2)/(-4))/(u/12)?
7
Suppose -107*x + 99*x = -2*z - 248284, -5*x + 4*z = -155194. What is the tens digit of x?
3
Let h(k) = -k + 46. Let n(i) = 3*i - 91. Let b(v) = -13*h(v) - 6*n(v). Let f be b(-10). What is the tens digit of (-50)/f + (-1)/((-1)/(-1))?
2
Let f(q) be the first derivative of q**4/4 - q**3 + q**2/2 + 248*q - 115. What is the hundreds digit of f(0)?
2
Suppose -v - t - 643 = 0, -11*v - 619 = -10*v - 2*t. Let i(q) = 3*q**3 + 5*q**2 - 4*q. Let y be i(-6). Let h = y - v. What is the tens digit of h?
9
Suppose -z - 27 = 2*l, 0 = 4*z - l + 95 - 5. Let m(k) = -k**3 + 6*k**2 - 5*k - 1. Let x be m(5). What is the tens digit of (x + -3 - -3)*z?
2
Suppose 17 = 3*k - i, 8*k = 3*k + 2*i + 28. Suppose -5*d + k = -3*j + 5*j, -2*d + j - 3 = 0. What is the tens digit of (-136)/(-10) + (-30)/50 - d?
1
Let d(b) = b**2 + 1. Let r(l) = l**2 - 14*l - 1. Let v be r(15). Let y(n) = -n**2 + 13*n + 23. Let i be y(v). What is the units digit of d(i)?
2
Suppose -18428 + 20254 = 2*b. What is the units digit of b?
3
Let m(n) = -6309*n + 1420. What is the hundreds digit of m(-9)?
2
Let w(u) = -517*u - 545. What is the hundreds digit of w(-30)?
9
Suppose -p + 12 = 7, -2*p + 163 = -3*r. Let j(d) = d**3 - 7*d**2 - 8*d + 5. Let l be j(6). Let x = r - l. What is the units digit of x?
8
Let k = 6957 - 4676. Let y = k - 1315. What is the units digit of y?
6
Suppose -3*t - u = -14383, -5*t = -4250*u + 4246*u - 23932. What is the hundreds digit of t?
7
Let t = -247 + 5396. What is the thousands digit of t?
5
Let n(g) be the first derivative of -g**4/4 - 2*g**3/3 + 8*g**2 + 21*g - 29. Let z be n(-6). Suppose -3*h + z = -579. What is the hundreds digit of h?
2
Let w = 221 + -208. Suppose -w*b + 11*b + 2082 = 0. What is the hundreds digit of b?
0
Let c(p) = 873*p - 4690. What is the units digit of c(10)?
0
Let p(k) = 125*k + 87*k + 1 - 775*k + 187*k. What is the tens digit of p(-1)?
7
Let s(k) = k**3 + 4*k**2 + 2*k - 2. Suppose 10 = 4*g - 9*g. Let r be s(g). Suppose 2*v - 13 = -o, o + 5*v - r*v = 17. What is the units digit of o?
5
Let c be 8/3 + (-287)/(-123). What is the units digit of ((-2)/c + (-64)/15)*-123?
4
Let c = 51 - 48. What is the units digit of ((-3032)/6)/(c/(-18)*4)?
8
Suppose -86*s - 13753 = -500297 - 218484. What is the units digit of s?
8
What is the tens digit of 55 + -58 - (-3 - -14)*-1662?
7
Suppose -2*c = -5*v + 1672, 11*c - 7*c + 1674 = 5*v. Let i = 797 + v. What is the tens digit of i?
3
Suppose -8*n + 275 = -3*n. Let z = 53 - n. Let m(b) = -3*b**3 + b**2 - 3*b + 1. What is the units digit of m(z)?
5
Let n(g) = 974*g**2 - 63*g - 187. What is the units digit of n(-3)?
8
Suppose 0 = 11*n - 17 - 38. Suppose 5*v - 3285 = -n*t, 5*v + 16*t = 14*t + 3279. What is the hundreds digit of v?
6
Let y = 0 + -19. Let t(v) = -7*v + 83. What is the units digit of t(y)?
6
Suppose -17*y + 13*y + 1107 = -19661. What is the thousands digit of y?
5
Let c(l) = l**3 - l**2 + 19*l + 7. Let o be ((220/(-8))/11)/((-5)/12). What is the tens digit of c(o)?
0
Suppose -539 = -3*f - 4*f. Suppose -3 = 10*r + f. What is the tens digit of (-2)/r - (-1449)/12?
2
What is the units digit of ((-15673)/15 + 5/25)*(2 + -17)?
0
Suppose -2*p - 8*d = -45640, d - 45631 = -2*p - 4*d. What is the ten thousands digit of p?
2
Suppose 4*q - 48590 = -3*s, 14*q + 12282 = 2*s - 20228. What is the thousands digit of s?
6
Let r = -11566 + 14953. What is the units digit of r?
7
Let h = 53362 + -22499. What is the hundreds digit of h?
8
What is the units digit of ((-5)/(-10)*1044)/((-4)/(-98))?
9
Let n(i) = -i**3 + 39*i**2 + 105*i - 41. What is the tens digit of n(32)?
8
Suppose 2229 = 32*s - 3079 - 3140. What is the hundreds digit of s?
2
Let x be (-10)/3 - 7450/(-75). Let v be (-2690)/(-4) + (-1)/2. Suppose -99*t + v = -x*t. What is the tens digit of t?
2
Suppose b + 2*k - 174 = 0, 4*k = -b + 6*b - 814. Suppose 157*v + 1863 = b*v. What is the units digit of v?
7
Let a(c) = -7 + 37 + 11*c - 22 + 13*c. Let j be a(-6). What is the hundreds digit of -10 + 8 + (-1 - j)?
1
Suppose -1266 - 627 = -122*g + 547. What is the tens digit of g?
2
Suppose 8*m = 38*m + 8550. Let b = m + 1192. What is the tens digit of b?
0
Suppose 6*w + 781 = 6*o + w, -3*w - 128 = -o. What is the hundreds digit of o?
1
Suppose 0 = -15*c + 19 + 26. Suppose 243 = w - q - 370, -c*w + 1799 = 5*q. What is the units digit of w?
8
Let d(h) = 19*h - 19. Suppose 0 = -21*y + 16*y + 60. Suppose 8*b + y = 10*b. What is the units digit of d(b)?
5
Suppose 123*s - 180 = 120*s. What is the hundreds digit of s/(-150) + 1064/10?
1
Suppose 209*u - 1854696 = 787196 - 202653. What is the thousands digit of u?
1
Let p = -190 - -81. Suppose -12*r = 24 + 336. Let l = r - p. What is the tens digit of l?
7
Let f = 156 + -136. Suppose 0*j = -3*j - k + 12, -4*k = -5*j + f. Suppose 3*t - 127 = j*x, 8*t - 3*t + x = 250. What is the units digit of t?
9
Let c = -16546 - -78858. What is the thousands digit of c?
2
Let w = 534 + -532. What is the hundreds digit of 224/(w*(-7)/(-14))?
2
Let a(o) = o - 2. Let f(s) = -92*s + 29. Let t(k) = -2*a(k) + f(k). What is the tens digit of t(-4)?
0
Suppose -321*a + 5*z = -322*a + 19210, -z = -6*a + 115074. What is the thousands digit of a?
9
Suppose 2*c - 2*n = -c + 10, c - n - 5 = 0. Suppose 38*m - 17018 - 766 = c. What is the units digit of m?
8
Let s be (24/(-16))/(3/4) + 5. Let b(m) = 125*m**2 + 3*m - 7. What is the tens digit of b(s)?
2
What is the units digit of 6*-6*(-4620)/48?
5
Let n = -20060 - -39181. What is the units digit of n?
1
Suppose 8 - 27 = -y. Let c(k) = 5*k**3 - 1. Let q(h) = -9*h**3 - 20*h**2 + 17*h - 45. Let p(f) = -2*c(f) - q(f). What is the tens digit of p(y)?
8
Suppose 5*l - 3*q - 1056 = 0, -3*l + 7*l = -q + 855. Let p = -69 + l. Suppose 0 = 2*v + y - 288, 0*v + p = v - 5*y. What is the tens digit of v?
4
Let w(i) = -24*i + 50. Let z(g) = 27*g - 50. Let u(m) = 5*w(m) + 6*z(m). What is the tens digit of u(14)?
3
What is the thousands digit of (-15)/((-4510)/750 - -6)?
1
Let c = 209 - 203. Suppose -4*i + c*d - 7*d = -1622, 0 = 3*d + 6. What is the units digit of i?
6
Suppose 7021*b - 407936 = 7005*b. What is the units digit of b?
6
Let y = -83 - -55. Suppose 5*b - 2*r + 26 + 2 = 0, -4*r + 16 = 0. What is the units digit of (-1869)/y + (-1)/b?
7
Let n(f) = -16*f - 25*f**2 - 3 + 1 + 21*f**2 + 1 + 9 + 2*f**3. What is the units digit of n(8)?
8
Let t = -40 - -40. Suppose t = 2*z + 2*z - 2*b - 36, -2*z + 14 = -2*b. Suppose 0 = -z*v + 13*v - 254. What is the units digit of v?
7
Let z(r) be the third derivative of -1/12*r**4 + 0 + 0*r - 5/6*r**3 - 1/20*r**6 + 15*r**2 + 1/20*r**5. What is the tens digit of z(-3)?
9
Suppose -263*l = -260*l - 9. Suppose h + l*z - 6*z = 376, 5*z = 3*h - 1124. What is the tens digit of h?
7
Suppose -x - 9 = 2*x - 4*w, w = -4*x - 31. Let f(s) = 4*s + 8*s**2 + 50*s**3 + 47*s**3 + 3*s - 96*s**3 + 9 + s**2. What is the units digit of f(x)?
8
Let b(t) be the first derivative of 2*t**2 + 34*t + 22. Let d be b(5). Let n = d + -7. What is the tens digit of n?
4
What is the tens digit of 8048/(-2)*1551/(-132)?
8
Let y(l) = 82*l + 461. What is the hundreds digit of y(56)?
0
Let d(p) = p**3 + 19*p**2 + 24*p - 13. Suppose i - 34 = 3*i. Let y be d(i). Suppose 5*x - y = -2*f, 9 = -3*x + 6*x. What is the units digit of f?
1
Let u(h) = h**3 + h**2 - 3*h - 2. Let o be u(-1). Suppose 9 = 2*n - o. Suppose 992 = n*y - q + 2*q, y - 211 = 4*q. What is the tens digit of y?
9
Suppose -54*o = -55*o + 2901. What is the hundreds digit of o?
9
Let m(n) = -n**3 + 16*n**2 + 2*n - 12. Let u(g) = -g**2 - g. Let f(x) = -m(x) - 2*u(x). Let c be f(14). What is the units digit of (-142)/c*1*9*-2?
3
Let k = 5039 - 4065. What is the hundreds digit of k?
9
Let m(z) = z**3 + 102*z**2 - 729*z - 202. What is the thousands digit of m(-105)?
3
Suppose -4*c = c + 35. Let h(p) = -3*p - 40 - 6*p - 23 + 28. What is the tens digit of h(c)?
2
Let k(z) = -8*z**3 